f 8529285 and 15?
15
Calculate the greatest common factor of 177583 and 70592.
1103
What is the greatest common divisor of 12772 and 8721422?
206
What is the greatest common factor of 2856602646 and 3186?
3186
What is the highest common factor of 44580172 and 24?
4
What is the greatest common factor of 4557657 and 1833?
39
Calculate the highest common factor of 17160 and 270.
30
Calculate the greatest common divisor of 17845 and 2913035.
215
Calculate the greatest common factor of 67107 and 1896.
3
What is the highest common divisor of 322460 and 186415?
115
What is the greatest common divisor of 14384 and 2945472?
464
Calculate the highest common divisor of 348656 and 3103408.
1232
Calculate the greatest common factor of 652426 and 132804.
1054
Calculate the highest common divisor of 58045 and 32184425.
3055
Calculate the greatest common factor of 12 and 15568800.
12
Calculate the greatest common factor of 521 and 764084533.
521
What is the highest common divisor of 297975 and 200825?
725
Calculate the greatest common divisor of 16848 and 63948.
12
What is the greatest common divisor of 39000 and 10286600?
200
Calculate the highest common factor of 328228 and 38936.
124
What is the highest common factor of 134 and 6392470?
134
What is the greatest common factor of 234767172 and 60?
12
What is the highest common factor of 9401714 and 413?
7
Calculate the greatest common divisor of 2939890 and 70.
10
What is the greatest common factor of 16050 and 12324795?
1605
Calculate the highest common factor of 7090173 and 7429.
323
Calculate the highest common divisor of 2272554 and 30180.
3018
What is the greatest common divisor of 80 and 10745568?
16
What is the greatest common divisor of 885 and 48622431?
177
Calculate the highest common divisor of 111 and 10153762.
37
What is the highest common factor of 1990 and 805250515?
995
Calculate the highest common divisor of 1354126 and 1479.
29
What is the highest common factor of 4 and 1575304?
4
What is the greatest common divisor of 58078317 and 933?
933
What is the highest common divisor of 19500720 and 37635?
2895
What is the highest common divisor of 5350 and 1175450?
50
What is the greatest common divisor of 3625965 and 1890?
945
What is the highest common divisor of 13468 and 22630088?
1924
Calculate the highest common divisor of 6873470 and 10680.
890
What is the greatest common factor of 776 and 583203576?
776
What is the highest common divisor of 71217 and 559893?
579
Calculate the greatest common divisor of 4902 and 3714899.
817
What is the highest common divisor of 18432 and 1327968?
288
What is the highest common factor of 8952555 and 3075?
615
What is the greatest common divisor of 64925 and 203255?
265
Calculate the highest common factor of 2824 and 954736.
8
What is the highest common divisor of 147628746 and 6156?
342
What is the highest common factor of 607050312 and 1848?
264
What is the highest common factor of 124905557 and 574?
287
Calculate the greatest common factor of 3160 and 3404560.
40
Calculate the greatest common divisor of 5420 and 1770985.
1355
Calculate the highest common factor of 10907256 and 96.
24
What is the greatest common factor of 6358886 and 6268?
3134
What is the greatest common factor of 424 and 877519728?
424
What is the highest common factor of 77443 and 758221?
1801
What is the highest common factor of 861651 and 78085?
679
Calculate the highest common factor of 2296 and 230768.
8
Calculate the greatest common divisor of 6321 and 4180239.
147
What is the greatest common factor of 799163184 and 2209?
2209
What is the greatest common factor of 72360 and 28488?
24
Calculate the highest common factor of 115042 and 406798.
1186
What is the highest common divisor of 56 and 225024?
8
What is the greatest common divisor of 1273 and 2821638?
67
What is the highest common factor of 156 and 19058910?
78
What is the greatest common factor of 19 and 621376?
19
What is the greatest common factor of 83013 and 562800?
1407
What is the highest common factor of 23454 and 170946?
18
Calculate the greatest common divisor of 178 and 58307727.
89
Calculate the greatest common factor of 1516600 and 60.
20
Calculate the highest common factor of 6 and 9065893.
1
What is the highest common factor of 14 and 6356798?
14
What is the highest common factor of 2638714 and 429?
13
What is the greatest common factor of 30891055 and 133380?
1235
Calculate the greatest common factor of 320270 and 970.
10
What is the highest common factor of 20022 and 147392?
94
Calculate the greatest common divisor of 2880 and 229860.
180
What is the greatest common divisor of 1258 and 1254498?
34
What is the highest common factor of 162367557 and 3266?
1633
Calculate the highest common divisor of 45 and 1184643.
9
Calculate the highest common factor of 8850 and 983075.
25
What is the highest common divisor of 2 and 459708?
2
What is the greatest common divisor of 549143 and 54537?
343
Calculate the greatest common divisor of 62 and 2175611.
31
Calculate the highest common divisor of 515060 and 8584940.
1820
Calculate the greatest common factor of 13644 and 37944.
36
Calculate the greatest common factor of 13427 and 3811879.
463
Calculate the greatest common divisor of 21216319 and 21138.
271
What is the greatest common divisor of 34967 and 35925?
479
Calculate the greatest common factor of 319 and 8705664.
11
What is the greatest common factor of 41399472 and 464?
464
What is the highest common factor of 105 and 2527525?
35
Calculate the highest common factor of 1125 and 22735125.
1125
Calculate the greatest common factor of 67272754 and 1096.
274
What is the greatest common factor of 9216 and 501588?
36
Calculate the highest common divisor of 171 and 121670847.
9
Calculate the greatest common divisor of 64 and 63974936.
8
Calculate the greatest common factor of 1357251 and 132055.
343
Calculate the greatest common divisor of 990360 and 1064280.
840
Calculate the greatest common factor of 4397302 and 1582.
14
What is the greatest common divisor of 86058336 and 1248?
1248
What is the highest common divisor of 67109013 and 207?
9
Calculate the highest common divisor of 5764 and 168889523.
1441
What is the greatest common factor of 6700 and 302400?
100
Calculate the highest common divisor of 247 and 12407057.
247
Calculate the highest common factor of 9848478 and 28478.
982
Calculate the highest common divisor of 104 and 857474852.
52
What is the highest common divisor of 8904070 and 59231?
971
Calculate the highest common divisor of 1309 and 574057.
11
Calculate the greatest common divisor of 1671175 and 3275.
25
Calculate the greatest common factor of 679847175 and 243.
243
Calculate the greatest common divisor of 343 and 6850249.
49
Calculate the greatest common divisor of 77197 and 2456092.
323
What is the highest common divisor of 180 and 26494470?
90
Calculate the greatest common factor of 8844757 and 974686.
10369
Calculate the highest common divisor of 11984058 and 324.
54
What is the highest common divisor of 657728810 and 1598?
1598
Calculate the greatest common factor of 1782 and 602382.
66
What is the greatest common divisor of 3948 and 171602781?
987
What is the highest common divisor of 5589972 and 27?
27
Calculate the greatest common divisor of 265265 and 144319.
371
What is the highest common factor of 335 and 169330775?
335
What is the highest common factor of 1182 and 9426?
6
What is the greatest common factor of 45 and 896350?
5
What is the greatest common divisor of 204 and 6324442?
34
What is the highest common factor of 11928217 and 98?
49
Calculate the greatest common divisor of 15896 and 31941025.
1987
Calculate the greatest common factor of 227392 and 13508.
44
Calculate the greatest common factor of 2755 and 5044405.
2755
What is the greatest common factor of 7802900 and 50?
50
Calculate the greatest common factor of 8428068 and 3564.
396
What is the highest common factor of 81861986 and 1142?
1142
What is the highest common factor of 973 and 377783?
7
What is the highest common divisor of 1810 and 73273687?
181
What is the greatest common factor of 15 and 70398300?
15
Calculate the greatest common factor of 457883860 and 280.
140
Calculate the highest common factor of 3564 and 18709